61250?
1
What is the thousands digit of 232673435?
3
What is the ten millions digit of 593820775?
9
What is the thousands digit of 55981482?
1
What is the hundred millions digit of 7880788722?
8
What is the ten thousands digit of 41179368?
7
What is the billions digit of 2657541409?
2
What is the ten millions digit of 443638403?
4
What is the hundreds digit of 173474717?
7
What is the billions digit of 2017815196?
2
What is the hundred thousands digit of 1311498011?
4
What is the thousands digit of 4067394941?
4
What is the ten thousands digit of 59209375?
0
What is the units digit of 3275725331?
1
What is the hundred thousands digit of 7230548497?
5
What is the tens digit of 1343553978?
7
What is the billions digit of 2832155085?
2
What is the hundred thousands digit of 1828725749?
7
What is the thousands digit of 406542836?
2
What is the millions digit of 668480600?
8
What is the millions digit of 5716295?
5
What is the millions digit of 45787778?
5
What is the hundred millions digit of 409561826?
4
What is the thousands digit of 14099741?
9
What is the billions digit of 6286330645?
6
What is the millions digit of 12965121?
2
What is the hundred millions digit of 172968227?
1
What is the thousands digit of 437945567?
5
What is the millions digit of 2726740960?
6
What is the units digit of 64718868?
8
What is the ten thousands digit of 141963368?
6
What is the hundreds digit of 1033399?
3
What is the tens digit of 148925499?
9
What is the ten millions digit of 551587516?
5
What is the units digit of 388465036?
6
What is the units digit of 19831242?
2
What is the hundred thousands digit of 249173135?
1
What is the hundreds digit of 588275404?
4
What is the thousands digit of 20801012?
1
What is the units digit of 5109190983?
3
What is the hundred thousands digit of 3129254045?
2
What is the millions digit of 31665691?
1
What is the hundred millions digit of 117807133?
1
What is the units digit of 44893718?
8
What is the ten millions digit of 111588808?
1
What is the hundreds digit of 2038885665?
6
What is the hundred thousands digit of 20009100?
0
What is the tens digit of 244373722?
2
What is the ten thousands digit of 90039028?
3
What is the millions digit of 2749245?
2
What is the hundred thousands digit of 382252705?
2
What is the ten millions digit of 75070447?
7
What is the tens digit of 256672175?
7
What is the thousands digit of 1767755641?
5
What is the ten thousands digit of 423616849?
1
What is the ten millions digit of 1203883669?
0
What is the millions digit of 409021150?
9
What is the ten millions digit of 162439265?
6
What is the tens digit of 235237993?
9
What is the units digit of 3536880234?
4
What is the hundred millions digit of 188836622?
1
What is the billions digit of 5602070156?
5
What is the units digit of 122604512?
2
What is the units digit of 302309?
9
What is the ten thousands digit of 670837675?
3
What is the units digit of 1113325596?
6
What is the units digit of 2335671128?
8
What is the millions digit of 105081112?
5
What is the thousands digit of 593663622?
3
What is the millions digit of 45718383?
5
What is the millions digit of 940084531?
0
What is the billions digit of 1075375026?
1
What is the units digit of 64300914?
4
What is the ten millions digit of 5909681345?
0
What is the hundred thousands digit of 649869639?
8
What is the millions digit of 45120514?
5
What is the ten millions digit of 2305928497?
0
What is the hundred thousands digit of 1104909966?
9
What is the hundreds digit of 4885475699?
6
What is the hundreds digit of 4263299669?
6
What is the tens digit of 92821295?
9
What is the millions digit of 4905409785?
5
What is the hundred thousands digit of 7239022810?
0
What is the hundreds digit of 362553?
5
What is the units digit of 76053969?
9
What is the thousands digit of 41023958?
3
What is the tens digit of 18368345?
4
What is the thousands digit of 275868792?
8
What is the thousands digit of 57395226?
5
What is the hundred thousands digit of 33835064?
8
What is the ten thousands digit of 80871590?
7
What is the units digit of 34154865?
5
What is the tens digit of 12734562?
6
What is the ten millions digit of 3548803948?
4
What is the hundred thousands digit of 208825730?
8
What is the hundred thousands digit of 5177439406?
4
What is the hundred millions digit of 423804562?
4
What is the tens digit of 1658385096?
9
What is the millions digit of 2110493536?
0
What is the hundred millions digit of 583587640?
5
What is the hundred thousands digit of 70383176?
3
What is the ten thousands digit of 173729129?
2
What is the hundreds digit of 50114854?
8
What is the hundred thousands digit of 1519682170?
6
What is the ten thousands digit of 859584838?
8
What is the hundred millions digit of 215286873?
2
What is the units digit of 224004433?
3
What is the units digit of 475963087?
7
What is the billions digit of 2269229550?
2
What is the tens digit of 73888812?
1
What is the tens digit of 175687934?
3
What is the millions digit of 724000326?
4
What is the ten millions digit of 83923824?
8
What is the thousands digit of 834344598?
4
What is the hundred thousands digit of 94099123?
0
What is the hundreds digit of 215297182?
1
What is the ten thousands digit of 151730305?
3
What is the units digit of 4044587139?
9
What is the tens digit of 6772702?
0
What is the thousands digit of 4389927136?
7
What is the tens digit of 1135334774?
7
What is the units digit of 126028791?
1
What is the hundred millions digit of 205879583?
2
What is the thousands digit of 93290724?
0
What is the units digit of 134657092?
2
What is the ten millions digit of 363329173?
6
What is the hundreds digit of 1278925798?
7
What is the hundred thousands digit of 719447156?
4
What is the hundreds digit of 876676792?
7
What is the hundred thousands digit of 5230867?
2
What is the hundred thousands digit of 1053346857?
3
What is the units digit of 140361376?
6
What is the tens digit of 128111212?
1
What is the hundreds digit of 2103408554?
5
What is the millions digit of 23738564?
3
What is the hundred millions digit of 623233412?
6
What is the units digit of 1098451105?
5
What is the hundred thousands digit of 8776365?
7
What is the hundred thousands digit of 63995827?
9
What is the thousands digit of 12833876?
3
What is the millions digit of 6897432?
6
What is the hundred millions digit of 1694315523?
6
What is the ten thousands digit of 1498641390?
4
What is the millions digit of 15805981?
5
What is the units digit of 7881816359?
9
What is the ten millions digit of 121547343?
2
What is the hundreds digit of 278266184?
1
What is the hundred thousands digit of 1448495345?
4
What is the ten millions digit of 93289637?
9
What is the hundreds digit of 425635163?
1
What is the hundred thousands digit of 198681603?
6
What is the hundreds digit of 26626708?
7
What is the millions digit of 1629257673?
9
What is the millions digit of 747838114?
7
What is the tens digit of 144623957?
5
What is the tens digit of 6685672971?
7
What is the ten thousands digit of 8120451?
2
What is the units digit of 175141321?
1
What is the hundred millions digit of 459310414?
4
What is the ten thousands digit of 783291432?
9
What is the thousands digit of 5856043691?
3
What is the ten millions digit of 3801653707?
0
What is the units digit of 4709932937?
7
What is the hundred thousands digit of 62669310?
6
What is the tens digit of 199221636?
3
What is the thousands digit of 379532436?
2
What is the units digit of 180139688?
8
What is the ten thousands digit of 669735347?
3
What is the units digit of 85470241?
1
What is the tens digit of 1183488761?
6
What is the ten millions digit of 22173704?
2
What is the hundred millions digit of 1033683274?
0
What is the thousands digit of 4060783761?
3
What is the hundreds digit of 86477272?
2
What is the ten millions digit of 41367956?
4
What is the thousands digit of 152070114?
0
What is the hundreds digit of 535440651?
6
What is the hundred millions digit of 377853241?
3
What is the hundred millions digit of 2965228221?
9
What is the hundreds digit of 3307410628?
6
What is the tens digit of 436853531?
3
What is the hundreds digit of 491337325?
3
What is the hundreds digit of 43359262?
2
What is the ten millions digi